 x(-78)?
2
Suppose 4*s + 4*t + 144 = 0, 4*s - 2*t = -9 - 135. What is the tens digit of (6/4)/(s/(-2064))?
8
Suppose -5 = -4*x + 3*x. Suppose 0 = -h - 4*w - 17, x*w = -3*h - h - 13. Suppose h*g + i = 210, -3*g = -4*i - 76 - 119. What is the units digit of g?
9
Let c be (-6)/(-33) + ((-1680)/(-77) - -3). What is the units digit of (-18)/(-225) - (-15573)/c?
3
Suppose 0 = 3*j + 5*i + 8, -3*i - 16 = 2*j - 3*j. What is the units digit of 3092/10 - (-5)/(-25) - j?
5
Suppose -8*p + 23863 = 4631. Suppose -p = -4*l + y, 3*y + 465 + 1338 = 3*l. Suppose 11*v - 752 = l. What is the hundreds digit of v?
1
What is the tens digit of (12 + 60)/(-6) + 3611?
9
Let y be -2*(-4)/(-2)*(-41)/164. Suppose y = z, 5*k - 3*z - 3159 = 2*k. What is the tens digit of k?
5
Suppose -3*x = -6*x + 1662. Let r = 904 - x. What is the units digit of r?
0
Let t = 12 + 16. Let s = t + -24. Suppose s*q + 154 = 6*q. What is the tens digit of q?
7
Suppose 0 = -8*g - 22 - 18. What is the hundreds digit of -2 - (-2219)/(g - -12)?
3
Let u be 50/225 - (-17080)/9. Let k = u + -132. What is the units digit of k?
6
What is the tens digit of (-20)/(-12) - (-50358)/63?
0
Let z be (-3 + -7)/((-2)/88). Suppose -2*n = 11*u - 12*u + z, 4*u - 4*n - 1756 = 0. What is the hundreds digit of u?
4
Let c(u) = -12 - 12*u - 3 - 20*u - 9. What is the hundreds digit of c(-9)?
2
Let i = -32984 + 47372. What is the tens digit of i?
8
Suppose -127496 = -5*y - 2*o, 0 = 10*y - 8*y + 4*o - 51024. What is the tens digit of y?
9
Let a(v) be the third derivative of 1/120*v**6 + 0*v - 3/20*v**5 + 1/3*v**4 + 0 - 12*v**2 - 13/3*v**3. What is the units digit of a(9)?
6
Let j be 1419 - (8/(-20))/(2/20). Let r = j - 822. What is the tens digit of r?
0
Suppose 0 = -72*m + 31 - 175. Let s(w) = 4*w**3 + 2*w + 1. Let r be s(-1). What is the units digit of m/(r/5) - -166?
8
Let i = 34 - 39. Let g be (-4 + 0 - i)*4. Suppose 70 + 442 = g*o + a, 0 = 3*o + 3*a - 384. What is the tens digit of o?
2
Suppose -15*p = 4*p + 1920 - 138948. What is the hundreds digit of p?
2
Let l = -74 - -70. Let x be 1 + (l - (3 - -41)). Let c = x - -86. What is the tens digit of c?
3
Let b = 713 - 654. Suppose 70*d = b*d + 12936. What is the hundreds digit of d?
1
Let z(f) = -5*f + 1. Let y(p) = -19*p + 246. Let l(r) = y(r) - 4*z(r). Let k be (-2 + 2)/((-4)/2). What is the tens digit of l(k)?
4
Suppose 0 = -7*g + g. Suppose g = 3*h - 5*h. Suppose 79 = 2*p + 3*c, 5*p - c - 116 - 56 = h. What is the units digit of p?
5
Suppose l + 108 = 7*l. Let k = 30 - l. Let s = k - -39. What is the units digit of s?
1
Suppose -4*k = -2*k - 2*w - 30, 3*k + 4*w = 66. Suppose 17*u = k*u - 79. What is the tens digit of u?
7
Let y(m) = -7 + 25 - 7 - 2*m - 8. Let h be y(8). What is the units digit of (1 + -9)*13/h?
8
Suppose b + 3*b = 116. Let u = b + -25. Suppose -u*t + 324 + 276 = 0. What is the tens digit of t?
5
Let j = 66 - 63. Suppose -j*f + 4*o + 2362 = 0, -f + 6*f = -4*o + 3990. What is the tens digit of f?
9
Let g be (812 - 6/((-6)/5)) + 1. Suppose 6*u = -g + 2702. What is the hundreds digit of u?
3
Let y = -34 + 53. Suppose y = 5*j - 2*n, 3*j - 2*n = j + 10. What is the units digit of (-3 + 2 - -4 - j) + 21?
1
Let q = 352 - 286. Let f = q - -660. What is the hundreds digit of f?
7
Let k(q) = -4 - 126*q + 151*q + 2*q**2 + 21. Let o be k(-12). Suppose -4*a - 4*w - 101 = -o*a, -15 = 5*w. What is the units digit of a?
9
Let a = -335 - -883. Suppose -1715 + a = -3*v. What is the units digit of (3 - v/(-9)) + 12/(-54)?
6
Suppose -4*z - 2*k + 25230 = 0, 5*z - 31533 = 22*k - 20*k. What is the tens digit of z?
0
Suppose -4*t - 4*x + 145 = 9, 4*x = t - 9. Suppose -26*a = d - t*a - 1166, a + 5816 = 5*d. What is the thousands digit of d?
1
Suppose 3*a + 3*o + 23 = -2*o, 0 = 4*a - 4*o + 20. What is the hundreds digit of ((-56)/20)/(a/1095)?
5
Suppose 18*f - 298473 = -18987. What is the units digit of f?
7
Let s(g) = -15*g**3 + 3*g**2 + 2*g - 7. What is the tens digit of s(-2)?
2
Suppose 2*i = -0*q + q + 4, 2*i + 6 = 0. Let g be q + -6 + (-4)/(-1). What is the units digit of 25/150 + (-1594)/g?
3
Let v(u) = 905*u**3 - 5*u**2 + 280*u - 1117. What is the tens digit of v(4)?
4
Suppose 0 = -3*i + w + 19261, -74*i + 5*w + 12845 = -72*i. What is the units digit of i?
0
Let m(f) = 59*f - 85. Let i be m(12). Let k = i - -169. What is the tens digit of k?
9
Let x(h) = -h**2 + 11*h + 130. Let c be x(18). Suppose -c*w - 5*l + 3859 = 0, 5*w - 2771 = -4*l + 2046. What is the tens digit of w?
6
Suppose -5*x + 2*m = -6389, 0*x + 2*x + 5*m = 2544. Suppose -3*y = 35 - x. Let r = y + -293. What is the units digit of r?
1
What is the units digit of (-330)/(-1925)*(8 + -1)*11335 - 5?
7
Suppose 122746 + 40853 = 19*z - 36718. What is the thousands digit of z?
0
Suppose -2*w = -10, -4*j - j + 10005 = 4*w. Let o = -821 + j. What is the units digit of o?
6
Let b = 7056 + -3265. What is the hundreds digit of b?
7
Let t(m) = 41*m - 6. Let k(a) = -40*a + 7. Let s(x) = 5*k(x) + 6*t(x). Suppose 64 - 8 = 14*j. What is the units digit of s(j)?
3
What is the ten thousands digit of (4 - -12 - 13)*(-1)/(-3)*18445?
1
Suppose 9*u - 42 + 24 = 0. Suppose -6 = 3*q - 5*q. Suppose -q*i + 760 = u*i. What is the hundreds digit of i?
1
Let g be 2/4*((-3)/(-3) + -27). What is the units digit of (260/90)/g + (-670)/(-18)?
7
Suppose -13*w + 15*w + 1894 = 0. Let h = -371 - w. What is the units digit of 2/(-3)*(h/(-9) - 2)?
4
Let f(r) = 22*r - 56. Let h(u) = 42*u - 113. Let k(b) = 7*f(b) - 4*h(b). What is the hundreds digit of k(-8)?
1
Let d(t) = -2*t**2 + 2*t + 8. Let r be d(0). Suppose -5*b - 800 = -r*i + 3*i, 3*b - 3 = 0. What is the units digit of i?
1
Let t = 9355 - -1993. What is the thousands digit of t?
1
Let i be (-123 - -6)/(3/(-10)). Let u = i + 572. What is the tens digit of u/14 - 7/((-49)/2)?
6
Suppose 4*i = -3*p + 20942 + 1673, -i + 4*p + 5649 = 0. What is the hundreds digit of i?
6
Let h(b) = -b**3 + 5*b**2 - 5*b + 16. Suppose 5*y = 4*f + 22, 4 = 5*y - 0*f + 2*f. Suppose 0 = y*d + s - 4, s + 16 = 5*d - 2*d. What is the units digit of h(d)?
2
Let n be (-3 - 2/(-1))/((-2)/4286). Suppose -r + n = 4*o - 64, 3*r = -2*o + 1091. What is the units digit of o?
3
Let x = -28006 - -40758. What is the units digit of x?
2
Let l = 143 + -199. Let g = l + 199. What is the hundreds digit of g?
1
Suppose -16*j - 16*j = -99994 + 38714. What is the tens digit of j?
1
Let h(v) = 54*v + 24. Let j(l) = 11*l + 5. Let m(i) = -2*h(i) + 11*j(i). Let s be (-6*1)/(6/(-4)). What is the tens digit of m(s)?
5
Let y(r) = 63*r + 75. Suppose -17*p = -p - 48. What is the tens digit of y(p)?
6
Let j = 44925 - 4033. What is the hundreds digit of j?
8
Let w(c) = 2*c + 24. Let a be w(-11). Suppose 3*t + 3795 = -a*t. What is the tens digit of t/(-9) - (-2)/3?
8
Suppose 0 = -z + 5*g - 63, 10 = 372*g - 370*g. Let s(q) = 15*q**2 - 2. Let i be s(-4). Let a = i + z. What is the tens digit of a?
0
Let a(h) = 3*h**3 - 17*h**2 + 6*h + 9. Let s be a(8). Let y = s - 196. What is the units digit of y?
9
Let b = 334 - -2101. What is the thousands digit of b?
2
Let x(l) = 6*l**3 + 3*l**2 + 3*l + 3. Let s be x(-3). Let o = -250 + 447. Let h = o + s. What is the units digit of h?
6
Let q(r) = -3*r - 12. Let v be q(-5). Suppose u - v*u = -6. What is the tens digit of (-3)/u - (-17)/1?
1
Let k be 18/(-5) - ((-34)/(-10) - 3). Let m be (-115)/k - (-2 - -3)/(-4). Let v = m + 123. What is the units digit of v?
2
Suppose -3*r + 5*h + 3 = 0, -2*r = 4*h - 4 - 20. Suppose -5*v = -9 - r. Suppose -v*d - 149 + 498 = -2*t, 232 = 2*d - 2*t. What is the hundreds digit of d?
1
Let o = -219 - -392. What is the units digit of o?
3
Let c be -31 - -23 - (-11 + 0). Suppose -c*w + 3 = 0, 5*x + 2*w + 415 = 8757. What is the thousands digit of x?
1
Let c = 62 - -63. Let a = c + -95. What is the units digit of a?
0
Suppose 0 = -22*u + 3*u + 3743. Let v = 725 + u. What is the units digit of v?
2
Let d = -698 + 2044. Let j = 2263 - d. What is the hundreds digit of j?
9
Let a be 4 + (44/4)/(1/(-17)). What is the units digit of (-12)/8 - a/2?
0
Let i = -82 - -83. Suppose -4*s - 5*t - i = 1, 0 = s + t + 1. What is the tens digit of 24/(-20)*170/s?
6
Let l be 14 + -20 + (-220)/1. Suppose -834 - 542 = -4*d. Let p = l + d. What is the units digit of p?
8
Let v(a) = -70*a + 201. Let l be v(-